 + c**2 + 6*c + 6. Let t(b) = 2*s(b) + 3*y(b). What is t(-2)?
-5
Suppose -v = 2*v - 12. Suppose 0 = -3*z + 7*z - 3*s - 8, 4*z + v*s = -20. Let n(h) = 1 - 2*h + 2*h + 2*h**3 - 2*h**2. What is n(z)?
-3
Let p = -133 - -131. Let q(z) = z**3 + 2*z**2 - 2*z - 2. Give q(p).
2
Let n(u) be the first derivative of u**3/3 - 4*u**2 + u - 11. Give n(6).
-11
Let l(g) = 3 + g**2 - g - 21 + 16 + 0*g. Give l(0).
-2
Let g(l) be the third derivative of 8*l**2 + 1/24*l**4 + 0*l - 1/20*l**6 + 0*l**5 - 1/6*l**3 + 0. Give g(1).
-6
Let i = 90 - 90. Let d(y) = -y**2 + y + 8. Determine d(i).
8
Let j(u) be the third derivative of -u**5/60 + u**3/2 + 3*u**2. Let h be j(-3). Let o(d) = d**3 + 5*d**2 - 6*d + 5. Determine o(h).
5
Let q = -1 - 2. Let n(g) be the first derivative of g**3/3 + g**2/2 - 3*g - 15. Determine n(q).
3
Let v(f) = -f**3 - 15*f**2 + 3. Let q be v(-15). Let y(l) = l**2 - 3*l - 3. Give y(q).
-3
Let a(j) = j - 2. Let m be a(3). Let c(y) = 0*y - 4*y - 6*y**2 + 3*y + 2*y. What is c(m)?
-5
Let h(u) = -u**2 + 3*u - 2. Suppose 0 = 5*c - q - 24, 3*c - 5*q + 3 - 13 = 0. Suppose -2*s + c = -1. Give h(s).
-2
Let y be (-1)/(-2 - -1) + 0. Let q(t) = -y - 5*t**2 - 3*t**2 + 2*t**2. Let d be 4/(-10) - (-3)/(-5). Calculate q(d).
-7
Let s(v) = -1. Let f(n) = -5*n - 3. Let d(q) = -f(q) + 3*s(q). Give d(1).
5
Let r(k) = -1. Let p(m) = -m + 6. Let f(w) = p(w) + 5*r(w). Suppose 2*q + 4*t = -28, -4*t + 12 = 3*q + 48. Let n be ((-6)/(-4))/(q/16). Determine f(n).
4
Let s(c) = c**3 + c + 5. Let u be -1*(2 + -2) + 2. Suppose 0 = -m + u*f + 10, f + 6 - 1 = 0. Calculate s(m).
5
Suppose -2*n - 2*g = -12, n + 6 = -n + 4*g. Let b(f) = -5*f**2 + 4*f - 2. Let m(t) = t**3 + t**2 - t + 1. Let d(x) = -b(x) - m(x). Give d(n).
1
Let c be 104/16 - (-6)/4. Suppose -2*k - 3*k = 5*w, 2*k = -c. Let n(f) = -f**2 + 4*f + 1. Calculate n(w).
1
Let b(n) = -4*n**2 - 6*n - 13. Let d(g) = g**2 + 2*g + 4. Let r(x) = 2*b(x) + 7*d(x). What is r(-3)?
-13
Let y(z) = z**3 - 3*z**2 + z + 4. Suppose -12 = 3*p, 2*l + l + 3*p = 0. Determine y(l).
24
Let m(h) = 2*h + 2 - 3 - 2. Suppose 3*j = j + 8. What is m(j)?
5
Let s(f) = f - 12. Suppose -2*x = 5*l - 3*x - 31, 5*l - 35 = 5*x. Calculate s(l).
-6
Suppose -15 = -6*j + j. Let n(h) = 2*h - 3 - j - 4 + 6. Give n(4).
4
Let m = -46 + 48. Let r(k) = 6*k + 2. Determine r(m).
14
Suppose -2*w + 0*w - 8 = 0, 4*n = 3*w + 40. Let x(k) be the first derivative of -1/2*k**2 - 1 - n*k. Determine x(-5).
-2
Let f(k) = k**3 + 5*k**2 + 5*k + 3. Let o be f(-4). Let t(g) be the second derivative of g**4/2 + g**3/6 + g**2/2 - 4*g. Give t(o).
6
Let v(u) = -4*u + 1. Let l(q) = -4*q - 2. Let x be l(-2). Suppose 0 = -2*g + 4*g - x. Suppose 0 = -g*w - m - 5, 0 = -3*w - 0*w + m - 7. Give v(w).
9
Suppose 3*k + 17 = -2*s - 2*k, 0 = 4*k + 4. Let b be 2 + (-8)/(s - -2). Let q(a) = -2*a + 5. Determine q(b).
-3
Let y be 2/(-1 - 15/(-9)). Suppose 5*r + y = m, -5*r - 3*m - 2*m - 15 = 0. Let w(o) = 3*o**2. Give w(r).
3
Let r = -1 - -3. Let i(k) = 46 - 46 - k**r. Let o = 0 + 0. Calculate i(o).
0
Let h(r) = -2 + 6 - 3 + 2*r. Let i = 13 - 17. Calculate h(i).
-7
Let x(l) be the first derivative of -l**3/3 + 4*l**2 - 5*l + 1. What is x(5)?
10
Let x(c) be the third derivative of -c**5/60 - c**4/24 + c**3/3 - 2*c**2. Calculate x(0).
2
Let w(y) = y**2 + 4*y - 1. Suppose -2*t + 2 = -2. Let a = t + -2. Suppose a = 4*p + 16 + 4. What is w(p)?
4
Let v(m) be the first derivative of 0*m - 4 - 1/2*m**2 - m**3. Give v(-1).
-2
Let j = -91 - -94. Let i(p) be the first derivative of -5/2*p**2 - 2*p - 1/3*p**j - 1. What is i(-4)?
2
Let r(s) = s**2 - 11*s + 5. Let x(f) = f**2 + 3*f - 1. Let d be x(-5). Give r(d).
-13
Suppose 4*x + a + 53 = 0, 4*a = -x - 0*x - 2. Let t = 15 + x. Let s(p) = 7*p**3 - 2*p**2 + 2*p - 1. What is s(t)?
6
Let p(g) = g**3 - 8*g**2 + 5*g - 3. Let l(f) = 2*f - f**2 + 2*f - 4*f + f. Let b(s) = 4*l(s) - p(s). What is b(4)?
-1
Let u(a) = 11*a**2 - 14*a - 11. Let j(c) = 4*c**2 - 5*c - 4. Let v(y) = y - 6. Let h be v(9). Let g(m) = h*u(m) - 8*j(m). Determine g(-2).
7
Let x(m) = -3*m**2 + 3*m. Let r = -33 + 35. Calculate x(r).
-6
Let o be (0 - -2)/((-3)/(-12)). Let m = 2 - o. Let d be (-3)/6 - (-15)/m. Let u(b) = -b**2 - 5*b - 3. What is u(d)?
3
Let f(r) be the third derivative of 0*r - 3*r**2 - 1/6*r**3 + 0 - 1/60*r**5 + 1/6*r**4. Determine f(3).
2
Let j(b) = -b - 3. Let h be j(-3). Suppose h*u = -u + 2*p - 3, u = 5*p. Let q(y) = 2*y + 4. What is q(u)?
-6
Suppose 5*f + 2 = 27. Suppose -f*g - h - 6 = -2, 4 = -4*g - h. Let o(n) = 1 + g + n + 1 + n**2. Give o(-2).
4
Let n(o) be the first derivative of o**3/3 - 7*o**2/2 - 4*o + 10. Calculate n(7).
-4
Let i(t) be the first derivative of t**2/2 + 2*t + 41. What is i(-11)?
-9
Suppose -4*s + 17 + 3 = 0, -s + 5 = 5*p. Let o(v) = -16*v**2 - 27*v - 90. Let h(k) = -3*k**2 - 5*k - 18. Let m(u) = 11*h(u) - 2*o(u). Give m(p).
-18
Let h(q) be the second derivative of -q**4/12 - 7*q**3/6 - 3*q**2/2 - 21*q. Give h(-3).
9
Let g be 55/22*12/5. Let j(q) = -q**2 + 5*q + 8. Give j(g).
2
Suppose 4*a - 26 = -2*r - 4, -4*r + 8 = -4*a. Let k(q) = 2*q - 1. What is k(a)?
5
Let x(m) = -m**3 + 2*m**2 + 3*m - 4. Let q be x(3). Let y = -6 - -8. Let h(d) = y*d + 5 + 4*d - 3 + d**2. What is h(q)?
-6
Let p(x) be the second derivative of -1/12*x**4 + x**3 - 5*x - 5/2*x**2 + 0. What is p(5)?
0
Let o be ((-4)/5)/(10/(-25)). Let s(n) = 1 - 6*n**2 - 5*n + 3*n**o + 2*n - n**3 - 2*n**2. What is s(-4)?
-3
Suppose 5*z - 3 = 17. Suppose -c + z = c. Let x(m) = -m. What is x(c)?
-2
Let c(a) = a**3 + 4*a**2 + a + 1. Suppose r - 23 = 5*w, 2*r + 5 = 5*r + w. Suppose -3*k = -4*d - 21, -r*d + k = -4*d. Give c(d).
7
Let y = 16 + -13. Let a(q) = -2*q + 1. Give a(y).
-5
Suppose 3*x - 8 = 1. Let m(u) = -2*u - 1. Determine m(x).
-7
Let l = -65 - -66. Let b be (6/(-4))/(6/(-8)). Let a be (b/l)/(-4)*-2. Let n(t) = 5*t**3 - t**2 + 1. Determine n(a).
5
Suppose -3*w + 4 = -5. Suppose -w*d + 8 = d. Suppose 1 = -d*j + j. Let o(s) = -5*s**3 - 2*s**2 + 1. Calculate o(j).
4
Let f(p) = p**2 + p. Let k be f(1). Let v(z) be the second derivative of z + 1/2*z**k - 1/2*z**3 + 0. Give v(1).
-2
Let u(m) = -m**2 - 12*m - 9. Let a(c) = c + 1. Let l(y) = 4*a(y) + u(y). Determine l(-6).
7
Let d(o) be the third derivative of -2*o**2 - 1/3*o**4 + 0*o**3 + 0*o + 0. Give d(1).
-8
Let f = 25 + -15. Suppose -9 = -i + 2*m, -2*i - 2*m = m + f. Let c(d) = 5*d**3. Calculate c(i).
5
Let k(s) = -s**3 - 11*s**2 + 12*s - 5. Let d(g) = g**2 - g + 1. Let h(p) = 5*d(p) + k(p). Let x = 6 + -13. Give h(x).
0
Let p(b) be the second derivative of b**4/12 + b**3 - b**2/2 + 2*b. Suppose 0 = c - 10 + 15. Calculate p(c).
-6
Let v be (-6)/24 + 14/(-8). Let h(o) = 26*o**2 + 20*o + 10. Let r(b) = -5*b**2 - 4*b - 2. Let i(z) = -2*h(z) - 11*r(z). Give i(v).
6
Let z(i) be the second derivative of i**5/20 + i**4/6 - i**2/2 + 11*i. Calculate z(-3).
-10
Suppose -2 = -5*i + 13. Let o(n) = -2*n**3 - 7*n**2 + n - 4. Let s(p) = -p**3 - 6*p**2 + p - 2. Let u(x) = -2*o(x) + 3*s(x). Give u(i).
-4
Let i be -2 + 5 + (2 - 2). Let w(g) = g**3 - 2*g**2 - 4*g. Let o be w(i). Let k(r) = 1 - 2 + 4 - r**2 - r. Calculate k(o).
-3
Let f be (-3)/(-9) + 26/(-6). Let l be -1 - f/(8/6). Let g(i) = i**2 + i + 2. Calculate g(l).
8
Suppose 0 = f - 4*g - 13, 0 = 3*f - 5*g - 18 - 7. Let l(n) be the third derivative of 0*n + n**2 - n**3 + 7/24*n**4 + 0 + 1/15*n**5 - 1/120*n**6. Give l(f).
4
Let v(q) = -q**3 - q**2 - q + 1. Let d(u) = 5*u**3 + 3*u**2 + 2*u - 8. Let l(p) = d(p) + 6*v(p). Suppose -2*o = -5*t + 19 - 3, -4*o = 5*t + 2. Calculate l(o).
10
Let u(l) = 7*l**2 + 12*l**2 + 5*l - 3*l - 22*l**2. Determine u(2).
-8
Let v = -2 - -2. Suppose 3*x = -v + 3. Let q(w) be the second derivative of w**5/10 - w**3/6 + w**2/2 + 22*w. Determine q(x).
2
Let x(b) be the third derivative of b**5/60 - 5*b**4/12 + 3*b**3/2 + 14*b**2. Calculate x(9).
0
Let z be (-5)/(-4)*(2 - -2). Suppose -3*x - 2*u = -13, -z*x = -2*x - 3*u + 12. Let a(b) = 12*b**2 + b. Determine a(x).
13
Let z(b) be the third derivative of b**4/24 - b**3/3 - 3*b**2. Determine z(2).
0
Let z(n) = -12 + 1 + 2 - n + 5. Calculate z(-6).
2
Let q(g) = -g**3 - 7*g**2 - 2*g - 5. Let o be q(-7). Let u = o - 7. Let c(f) = 4 + 2*f**3 - 5*f**u - 4*f**3 + f**3 - 3*f. Give c(-4).
0
Let s = -3 - -3. Let m = 4 - s. Let h(z) be the second derivative of 